et c(v) = -5*v**3 - 110*v**2 - 473*v + 29. Determine c(-6).
-13
Let s(k) = 2*k**2 - 957*k - 888634. Calculate s(-469).
121
Let l(q) = -6*q**3 + 42*q**2 - 918*q + 6523. Calculate l(7).
97
Let h(j) = -j**3 - 76*j**2 + 1700*j - 6171. Determine h(14).
-11
Let f(y) = -33*y + 1238. What is f(-4)?
1370
Let h(u) = u**3 + 312*u**2 + 265*u - 14324. Give h(-311).
-18
Let z(j) = 112966*j - 1694524. Give z(15).
-34
Let s(b) = -1003*b - 832492. Calculate s(-830).
-2
Let y(d) = -10*d**2 - 3467*d - 71454. Give y(-22).
-20
Let n(d) = -631*d**2 + 29665*d - 238. Calculate n(47).
138
Let k(q) = 131661*q - 263245. What is k(2)?
77
Let z(h) = h**2 - 1027*h - 236922. Calculate z(-194).
-48
Let y(p) = -4*p**2 + 111*p + 5035. Give y(53).
-318
Let q(v) = 2985*v + 834. Determine q(-1).
-2151
Let l(s) = -s**3 - 55*s**2 + 876*s + 48155. Determine l(-55).
-25
Let a(k) = -k**3 + 53*k**2 - 100*k - 122. Give a(51).
-20
Let r(d) = -399*d**2 + 132*d + 136. What is r(-1)?
-395
Let z(u) = u**2 + 3122*u - 57265. Calculate z(18).
-745
Let r(c) = -2*c**3 - 3789*c**2 - 11405*c - 112. What is r(-3)?
56
Let d(t) = -95*t**2 + 801*t - 289. Determine d(8).
39
Let h(f) = -f**2 - 237*f - 8578. What is h(-46)?
208
Let s(q) = 8107*q + 145451. Calculate s(-18).
-475
Let x(b) = -b**3 - 34*b**2 + 20921*b + 671525. Give x(-32).
5
Let c(a) = -3*a**3 - 74*a**2 - 239*a - 2605. Determine c(-23).
247
Let f(t) = 3*t**3 - 175*t**2 - 3840*t + 38. Determine f(-17).
4
Let x(h) = -2139*h + 30147. Calculate x(14).
201
Let b(r) = 2*r**3 + 25*r**2 + 64*r + 296. What is b(-12)?
-328
Let g(n) = -n**3 - 2*n**2 + 201*n - 611. What is g(11)?
27
Let t(s) = -6460*s - 465135. Calculate t(-72).
-15
Let a(j) = -13458*j + 565232. Calculate a(42).
-4
Let d(v) = -104*v**3 + 499*v**2 + 12*v + 21. Give d(5).
-444
Let w(n) = 13274*n + 1274305. What is w(-96)?
1
Let j(b) = b**2 - 978*b - 1519131. Determine j(-837).
24
Let t(r) = 3*r**3 - 247*r**2 - 1846*r + 214. Give t(-7).
4
Let h(f) = f**3 - 22*f**2 + 4332*f - 33768. Determine h(8).
-8
Let q(k) = 9*k**3 + 209*k**2 - 398*k + 45. Calculate q(-25).
-5
Let r(m) = 43490*m - 130443. Give r(3).
27
Let s(h) = -384*h - 148728. Give s(-387).
-120
Let v(h) = -37716*h - 490312. Give v(-13).
-4
Let a(g) = -14821*g + 119484. Give a(8).
916
Let i(q) = q**3 - 155*q**2 - 878*q + 331. What is i(-6)?
-197
Let s(m) = -m**3 + 37*m**2 - 240*m - 139. Determine s(8).
-203
Let a(d) = -d**2 + 3022*d - 582709. What is a(207)?
-4
Let p(x) = x**3 + 213*x**2 + 8365*x - 296. Calculate p(-52).
68
Let l(h) = 121*h**2 + 17440*h + 2298. Determine l(-144).
-6
Let i(d) = -1387*d - 682412. Calculate i(-492).
-8
Let j(x) = 16554*x - 165551. Give j(10).
-11
Let b(z) = 9417*z - 207109. Give b(22).
65
Let g(s) = -119373*s**2 - 119369*s - 5. What is g(-1)?
-9
Let c(z) = 5*z**2 + 73*z + 363. Determine c(-6).
105
Let j(b) = b**3 - 5*b**2 - 21*b - 38. Determine j(-2).
-24
Let r(o) = -o**3 + 2*o**2 + 70*o - 413. What is r(9)?
-350
Let m(v) = -3*v**3 - 207*v**2 - 167*v - 11354. Calculate m(-69).
169
Let m(p) = 22348*p + 312873. Calculate m(-14).
1
Let k(i) = -i**3 - 161*i**2 - 336*i - 5642. Calculate k(-159).
-2780
Let g(a) = -161*a + 22203. What is g(136)?
307
Let p(y) = -4*y**3 - 3*y**2 - 160*y - 1218. Determine p(-5).
7
Let l(f) = 2*f**3 + 108*f**2 - 194*f + 1687. What is l(-56)?
7
Let w(n) = -159*n - 3621. Determine w(-24).
195
Let l(t) = -2*t**3 + 84*t**2 - 826*t - 368. Determine l(17).
40
Let v(y) = -102568*y - 4. Give v(0).
-4
Let m(g) = 5*g**2 + 1894*g - 25441. What is m(13)?
26
Let i(o) = -806*o - 2677. Calculate i(-3).
-259
Let b(w) = -94*w**2 - 599*w - 45. What is b(-6)?
165
Let r(z) = 184032*z - 1472259. Give r(8).
-3
Let h(t) = -27*t**2 - 4372*t - 173. Determine h(-162).
-497
Let b(v) = -46*v**2 - 751*v - 293. Calculate b(-16).
-53
Let v(i) = 2*i**2 - 8244*i + 90512. Determine v(11).
70
Let n(v) = 2*v**3 + 129*v**2 + 1006*v + 1800. What is n(-6)?
-24
Let g(p) = -22426*p + 54. Give g(0).
54
Let g(t) = -3*t**2 - 12649*t - 686629. Give g(-55).
-9
Let i(g) = 5*g**3 + 30*g**2 - 58*g - 237. What is i(-5)?
178
Let k(z) = 966*z + 11006. Determine k(-14).
-2518
Let l(z) = 4897*z + 239975. Determine l(-49).
22
Let a(z) = 5*z**3 - 34*z**2 - 143*z + 403. Determine a(9).
7
Let p(c) = -c**3 - 257*c**2 + 22883*c - 2296. Calculate p(-327).
-7
Let y(c) = -101*c**2 - 2325*c - 162. Calculate y(-23).
-116
Let n(a) = 2823*a - 194803. Calculate n(69).
-16
Let w(q) = -518*q - 7455. Calculate w(-14).
-203
Let b(f) = -517*f - 12314. Calculate b(-23).
-423
Let a(j) = 27*j**2 + 4200*j - 742. Give a(-156).
1130
Let i(v) = -4544*v - 14167. Calculate i(-3).
-535
Let x(i) = 57*i**3 - 19*i**2 + 41*i - 2. What is x(2)?
460
Let l(o) = 2*o**2 + 981*o + 14265. Calculate l(-15).
0
Let a(z) = -881*z - 323307. What is a(-367)?
20
Let g(i) = -4*i**2 - 125*i + 643. Determine g(-36).
-41
Let i(y) = -2*y**3 + 74*y**2 + 705*y + 872. Determine i(45).
197
Let m(o) = 80*o**2 - 136*o - 133. Give m(-1).
83
Let c(k) = 8*k**2 - 146*k - 388. Calculate c(-3).
122
Let b(i) = -1156*i**2 + 5279*i - 10565. Calculate b(2).
-4631
Let x(n) = -2*n**3 - 207*n**2 + 176*n + 7449. Determine x(-104).
-39
Let s(u) = u**3 + 7*u**2 - 9762*u - 58614. Determine s(-6).
-6
Let x(y) = 2863*y - 108858. Give x(38).
-64
Let s(i) = -12*i**2 + 3324*i - 88946. What is s(247)?
-26
Let c(s) = 308*s + 7982. What is c(-27)?
-334
Let a(r) = -60301*r - 60319. What is a(-1)?
-18
Let t(n) = -8*n**2 + 550*n - 6759. What is t(53)?
-81
Let t(g) = -198*g - 30628. What is t(-154)?
-136
Let f(m) = 3*m**2 + 53048*m - 583894. Calculate f(11).
-3
Let m(n) = -29*n - 2751. Calculate m(-48).
-1359
Let i(x) = 86*x**2 - 500*x - 17. Determine i(6).
79
Let b(m) = m**2 - 4*m - 2436. What is b(-51)?
369
Let y(m) = -2*m**3 - 1534*m**2 - 262651*m - 1811. Determine y(-258).
-5
Let n(a) = -5*a**3 - 229*a**2 + 48*a - 33. Calculate n(-46).
-125
Let r(v) = 9968*v - 299029. Calculate r(30).
11
Let n(h) = -h**3 + 33*h**2 - 1066*h + 29298. Give n(30).
18
Let i(m) = -25*m**2 + 30024*m + 31229. What is i(1202)?
-23
Let h(u) = 75216*u - 35201095. Give h(468).
-7
Let r(m) = -883*m + 67104. Calculate r(76).
-4
Let f(i) = 50*i**2 - 281*i - 19. Give f(3).
-412
Let a(o) = 132*o + 16139. Give a(-122).
35
Let i(f) = 6*f**3 + 5*f**2 - 21*f - 98. Calculate i(4).
282
Let i(c) = -4*c**2 + 2375*c - 14232. Determine i(6).
-126
Let z(t) = -10622*t + 42646. Calculate z(4).
158
Let l(u) = -u**3 + 6461*u**2 + 116614*u - 61. Calculate l(-18).
83
Let f(a) = -2*a**2 + 219*a - 1647. What is f(104)?
-503
Let u(c) = -c**3 - 96*c**2 + 188*c + 1141. Calculate u(-98).
1925
Let i(f) = f**3 + 26*f**2 + 96*f - 57. Calculate i(-20).
423
Let c(r) = 70*r - 4458. What is c(58)?
-398
Let t(k) = 98*k**3 + 3334*k**2 + 18*k - 46. Calculate t(-34).
1654
Let d(v) = -72*v + 1457. Determine d(18).
161
Let f(o) = -575*o + 16407. What is f(29)?
-268
Let v(h) = -2*h**3 + 165*h**2 - 2205*h - 199. Calculate v(17).
175
Let p(x) = -x**3 + 26*x**2 - 287*x + 1890. What is p(19)?
-1036
Let k(r) = r**2 - 727*r - 14617. Calculate k(-19).
-443
Let q(u) = -u**3 - 6*u**2 + 253*u + 2324. Determine q(-11).
146
Let g(z) = z**3 - 118*z**2 - 14*z + 1687. Determine g(118).
35
Let q(m) = 10*m**2 + 4117*m - 8883. Give q(-414).
639
Let x(s) = 7*s**3 + 153*s**2 - s + 469. What is x(-22)?
7
Let b(u) = -1927*u - 40343. Determine b(-21).
124
Let n(y) = y**2 - 52*y + 174. Determine n(54).
282
Let t(i) = 10*i**2 - 104*i + 609. Give t(12).
801
Let r(m) = m**2 - 230*m - 32588. Determine r(329).
-17
Let p(h) = -12790*h + 345335. What is p(27)?
5
Let b(m) = m**3 - 38*m**2 + 336*m - 6634. What is b(34)?
166
Let l(m) = 117*m - 2412. Calculate l(24).
396
Let t(y) = 481*y + 60080. What is t(-125)?
-45
Let q(u) = -9*u**3 + 199*u**2 - 184*u + 3615. Determine q(22).
51
Let h(u) = -58*u - 659. Give h(-7).
-253
Let m(a) = a**3 + 27*a**2 - 36*a + 103. Calculate m(-21).
3505
Let n(u) = 7*u**2 + 137*u + 791. Determine n(-20).
851
Let o(r) = -3*r**2 + 324*r + 418. Give o(109).
91
Let d(a) = 794*a + 30172. Calculate d(-38).
0
Let r(p) = -p**3 + 14*p**2 + 34*p - 297. Determine r(4).
-1
Let n(w) = -101472*w - 3044161. Calculate n(-30).
-1
Let u(a) = 13*a**2 - 73*a + 240. Calculate u(8).
488
Let j(b) = -13*b**3 + 109*b**2 + 49*b - 138. Give j(10).
-1748
Let p(m) = -2*m**2 - 6999*m - 41938. Calculate p(-6).
-16
